1372?
922
Calculate the remainder when 13584551 is divided by 381.
377
Calculate the remainder when 15553 is divided by 33.
10
What is the remainder when 137288 is divided by 82?
20
What is the remainder when 36896 is divided by 50?
46
What is the remainder when 8754 is divided by 795?
9
What is the remainder when 3798 is divided by 6?
0
What is the remainder when 39271 is divided by 340?
171
Calculate the remainder when 40750 is divided by 6788.
22
What is the remainder when 5923 is divided by 886?
607
Calculate the remainder when 8059 is divided by 1343.
1
What is the remainder when 405267 is divided by 855?
852
Calculate the remainder when 5220 is divided by 208.
20
What is the remainder when 1749 is divided by 621?
507
What is the remainder when 1056071 is divided by 82?
75
Calculate the remainder when 7511 is divided by 3731.
49
What is the remainder when 2706 is divided by 590?
346
Calculate the remainder when 149828 is divided by 11.
8
Calculate the remainder when 11537 is divided by 1153.
7
What is the remainder when 30509 is divided by 424?
405
Calculate the remainder when 18412 is divided by 61.
51
What is the remainder when 5404 is divided by 2700?
4
What is the remainder when 42670 is divided by 12?
10
What is the remainder when 2692 is divided by 2578?
114
Calculate the remainder when 2173 is divided by 65.
28
What is the remainder when 133256 is divided by 46?
40
Calculate the remainder when 11691 is divided by 123.
6
What is the remainder when 66340 is divided by 36?
28
What is the remainder when 5978 is divided by 1789?
611
Calculate the remainder when 2034 is divided by 2029.
5
Calculate the remainder when 25345 is divided by 25243.
102
What is the remainder when 11948 is divided by 196?
188
What is the remainder when 674 is divided by 499?
175
What is the remainder when 1859 is divided by 74?
9
Calculate the remainder when 177996 is divided by 99.
93
What is the remainder when 81731 is divided by 32?
3
What is the remainder when 7755 is divided by 76?
3
Calculate the remainder when 27727 is divided by 1848.
7
What is the remainder when 2241 is divided by 1099?
43
Calculate the remainder when 8348 is divided by 2037.
200
Calculate the remainder when 2870865 is divided by 13.
10
Calculate the remainder when 3985 is divided by 1966.
53
Calculate the remainder when 146310 is divided by 73150.
10
Calculate the remainder when 2121 is divided by 646.
183
Calculate the remainder when 313691 is divided by 97.
90
What is the remainder when 41278 is divided by 449?
419
What is the remainder when 382 is divided by 95?
2
What is the remainder when 167708 is divided by 31?
29
Calculate the remainder when 79921 is divided by 139.
135
Calculate the remainder when 42299 is divided by 150.
149
What is the remainder when 540717 is divided by 13?
8
What is the remainder when 3500 is divided by 503?
482
Calculate the remainder when 1215 is divided by 1191.
24
Calculate the remainder when 3279 is divided by 37.
23
What is the remainder when 18302 is divided by 27?
23
What is the remainder when 13973 is divided by 28?
1
Calculate the remainder when 98971 is divided by 17.
14
Calculate the remainder when 552326 is divided by 888.
878
Calculate the remainder when 6134 is divided by 616.
590
Calculate the remainder when 4987 is divided by 333.
325
What is the remainder when 22722 is divided by 11236?
250
Calculate the remainder when 6151026 is divided by 1941.
1938
Calculate the remainder when 132802 is divided by 51.
49
What is the remainder when 1939721 is divided by 478?
475
What is the remainder when 1212064 is divided by 466?
464
What is the remainder when 77219 is divided by 52?
51
Calculate the remainder when 497326 is divided by 39.
37
What is the remainder when 2186 is divided by 730?
726
Calculate the remainder when 274331 is divided by 473.
464
What is the remainder when 145580 is divided by 145548?
32
Calculate the remainder when 20448 is divided by 20423.
25
What is the remainder when 13172 is divided by 625?
47
What is the remainder when 71223 is divided by 19?
11
What is the remainder when 520048 is divided by 75?
73
What is the remainder when 62164 is divided by 244?
188
Calculate the remainder when 547556 is divided by 78221.
9
What is the remainder when 1108714 is divided by 31?
30
Calculate the remainder when 16346768 is divided by 7.
4
What is the remainder when 378373 is divided by 569?
557
Calculate the remainder when 1029 is divided by 471.
87
What is the remainder when 1547 is divided by 1443?
104
Calculate the remainder when 3958 is divided by 199.
177
Calculate the remainder when 5772 is divided by 123.
114
Calculate the remainder when 1505 is divided by 384.
353
Calculate the remainder when 3148 is divided by 522.
16
Calculate the remainder when 142436 is divided by 105.
56
What is the remainder when 47115 is divided by 45?
0
What is the remainder when 67311 is divided by 1402?
15
Calculate the remainder when 10954 is divided by 10937.
17
Calculate the remainder when 3459 is divided by 3422.
37
What is the remainder when 27107 is divided by 27099?
8
Calculate the remainder when 3413 is divided by 101.
80
What is the remainder when 997 is divided by 21?
10
Calculate the remainder when 1715 is divided by 55.
10
What is the remainder when 38552 is divided by 109?
75
Calculate the remainder when 32349 is divided by 17.
15
Calculate the remainder when 23795 is divided by 1486.
19
Calculate the remainder when 35019 is divided by 412.
411
Calculate the remainder when 195871 is divided by 27980.
11
What is the remainder when 35341 is divided by 23?
13
Calculate the remainder when 6334 is divided by 1066.
1004
What is the remainder when 38958 is divided by 1084?
1018
What is the remainder when 1044 is divided by 339?
27
Calculate the remainder when 631478 is divided by 35082.
2
Calculate the remainder when 138308 is divided by 252.
212
What is the remainder when 384 is divided by 51?
27
What is the remainder when 141432 is divided by 442?
434
What is the remainder when 499503 is divided by 46?
35
Calculate the remainder when 22941 is divided by 77.
72
What is the remainder when 480 is divided by 80?
0
What is the remainder when 39916 is divided by 45?
1
What is the remainder when 1906 is divided by 465?
46
Calculate the remainder when 208182 is divided by 733.
10
What is the remainder when 3492 is divided by 632?
332
Calculate the remainder when 5037 is divided by 168.
165
Calculate the remainder when 2056426 is divided by 13.
8
Calculate the remainder when 2293 is divided by 145.
118
What is the remainder when 122577 is divided by 54?
51
What is the remainder when 18630 is divided by 619?
60
Calculate the remainder when 63315 is divided by 375.
315
Calculate the remainder when 145662 is divided by 36378.
150
Calculate the remainder when 16762 is divided by 103.
76
Calculate the remainder when 5269 is divided by 1007.
234
What is the remainder when 296532 is divided by 20?
12
What is the remainder when 6021 is divided by 606?
567
Calculate the remainder when 24644 is divided by 50.
44
Calculate the remainder when 1352 is divided by 491.
370
What is the remainder when 214244 is divided by 4982?
18
What is the remainder when 47319 is divided by 47304?
15
What is the remainder when 4237 is divided by 471?
469
What is the remainder when 14701 is divided by 1832?
45
Calculate the remainder when 15003 is divided by 202.
55
Calculate the remainder when 1884 is divided by 939.
6
What is the remainder when 8119 is divided by 138?
115
What is the remainder when 1691497 is divided by 170?
167
Calculate the remainder when 106409 is divided by 719.
716
What is the remainder when 41467 is divided by 143?
140
What is the remainder when 85403 is divided by 6?
5
What is the remainder when 14453 is divided by 49?
47
Calculate the remainder when 88287 is divided by 124.
123
Calculate the remainder when 43917 is divided by 180.
177
Calculate the remainder when 352996 is divided by 193.
192
Calculate the remainder when 17169 is divided by 7384.
2401
Calculate the remainder when 2679 is divided by 223.
3
What is the remainder when 3432 is divided by 167?
92
What is the remainder when 46734 is divided by 1088?
1038
Calculate the remainder when 1551 is